99098764.
2, 19, 43, 152723
List the prime factors of 4484223764.
2, 23561, 47581
List the prime factors of 680841366.
2, 3, 37, 3066853
List the prime factors of 370736340.
2, 3, 5, 13, 17, 73, 383
What are the prime factors of 17659736?
2, 17, 89, 1459
What are the prime factors of 25164622?
2, 7, 23, 31, 2521
List the prime factors of 1153706119.
59, 19554341
List the prime factors of 163742497.
23, 29, 127, 1933
List the prime factors of 792330666.
2, 3, 19, 6950269
What are the prime factors of 573538175?
5, 7, 53, 61837
What are the prime factors of 175851387?
3, 131, 149153
List the prime factors of 3370602482.
2, 13, 23, 89, 63331
What are the prime factors of 13592057?
23, 590959
What are the prime factors of 1123272611?
71, 101, 156641
What are the prime factors of 13385520?
2, 3, 5, 6197
List the prime factors of 13208965.
5, 7, 11, 3119
List the prime factors of 86563527.
3, 28854509
List the prime factors of 52207132.
2, 13051783
List the prime factors of 2363440784.
2, 147715049
What are the prime factors of 35212537?
5653, 6229
List the prime factors of 550905707.
11, 373, 134269
List the prime factors of 1152371338.
2, 41, 173, 81233
What are the prime factors of 146595145?
5, 29, 1011001
What are the prime factors of 2611792100?
2, 5, 26117921
What are the prime factors of 431235137?
431235137
What are the prime factors of 2133458200?
2, 5, 79, 135029
List the prime factors of 129667081.
877, 147853
List the prime factors of 163488056.
2, 59, 346373
What are the prime factors of 813525482?
2, 7, 11, 5282633
List the prime factors of 6591844484.
2, 1693, 973397
List the prime factors of 391645411.
12377, 31643
List the prime factors of 96070752.
2, 3, 251, 443
What are the prime factors of 19092523?
19092523
List the prime factors of 2316507075.
3, 5, 19, 701, 773
What are the prime factors of 251117730?
2, 3, 5, 2790197
List the prime factors of 412103013.
3, 7, 41, 43, 11131
What are the prime factors of 675762277?
675762277
What are the prime factors of 333402454?
2, 7, 11, 61, 35491
List the prime factors of 445781263.
18541, 24043
What are the prime factors of 216205502?
2, 108102751
List the prime factors of 23939560.
2, 5, 598489
List the prime factors of 71884362.
2, 3, 11, 773, 1409
List the prime factors of 20180345.
5, 4036069
List the prime factors of 67904243.
11, 131, 47123
What are the prime factors of 191502826?
2, 1409, 67957
List the prime factors of 454548398.
2, 331, 463, 1483
List the prime factors of 26577223.
26577223
List the prime factors of 1352291295.
3, 5, 90152753
What are the prime factors of 258320930?
2, 5, 7, 47, 78517
List the prime factors of 48637484.
2, 7, 1737053
List the prime factors of 6319388530.
2, 5, 7, 13, 739, 9397
List the prime factors of 1870258209.
3, 623419403
What are the prime factors of 4643263019?
19709, 235591
List the prime factors of 25845814.
2, 17, 19, 40009
List the prime factors of 122803322.
2, 283, 216967
What are the prime factors of 38101093?
38101093
List the prime factors of 8797064233.
10667, 824699
What are the prime factors of 444250685?
5, 19, 4676323
What are the prime factors of 8046185040?
2, 3, 5, 337, 33161
List the prime factors of 4863012768.
2, 3, 197, 28571
List the prime factors of 2313888503.
523, 4424261
List the prime factors of 45252961.
13, 37, 7237
What are the prime factors of 94333098?
2, 3, 15722183
What are the prime factors of 6029546?
2, 43, 70111
What are the prime factors of 504928433?
137, 383, 9623
What are the prime factors of 1220832594?
2, 3, 17, 23, 67, 863
List the prime factors of 820926491.
7, 11, 10661383
List the prime factors of 20144386.
2, 29, 347317
What are the prime factors of 244221460?
2, 5, 7, 37, 47147
List the prime factors of 4833511612.
2, 19, 569, 111773
What are the prime factors of 463707211?
11, 3832291
List the prime factors of 4232422210.
2, 5, 41, 10322981
What are the prime factors of 39612599?
13, 3047123
What are the prime factors of 528316535?
5, 151, 699757
What are the prime factors of 82374076?
2, 73, 282103
What are the prime factors of 526668439?
11, 101, 474049
What are the prime factors of 91885536?
2, 3, 106349
What are the prime factors of 108678491?
108678491
What are the prime factors of 302366022?
2, 3, 7, 79, 91129
What are the prime factors of 50636544?
2, 3, 7, 9419
What are the prime factors of 3494791257?
3, 1164930419
List the prime factors of 48991828.
2, 113, 283, 383
What are the prime factors of 41091605?
5, 71, 115751
List the prime factors of 1733639543.
1733639543
List the prime factors of 91518367.
91518367
What are the prime factors of 181365643?
181365643
What are the prime factors of 188514189?
3, 281, 24847
List the prime factors of 23539966.
2, 89, 132247
What are the prime factors of 36422706?
2, 3, 31, 59, 3319
What are the prime factors of 182432351?
137, 421, 3163
What are the prime factors of 13345748?
2, 13, 17, 31, 487
What are the prime factors of 51343185?
3, 5, 809, 4231
List the prime factors of 445030904.
2, 1951, 28513
List the prime factors of 9676552.
2, 61, 79, 251
What are the prime factors of 374429821?
523, 715927
List the prime factors of 45807530.
2, 5, 29, 191, 827
List the prime factors of 271060129.
23, 29, 17669
List the prime factors of 5005374767.
7433, 673399
List the prime factors of 1897835195.
5, 151, 2513689
What are the prime factors of 95234874?
2, 3, 7, 2267497
What are the prime factors of 61748895?
3, 5, 13, 316661
List the prime factors of 1957280635.
5, 17, 31, 742801
What are the prime factors of 655158637?
7, 89, 1051619
What are the prime factors of 430019413?
430019413
What are the prime factors of 3112866984?
2, 3, 31, 4183961
List the prime factors of 62514573.
3, 11, 1894381
List the prime factors of 2709085474.
2, 19, 31, 2299733
What are the prime factors of 11135738?
2, 353, 15773
List the prime factors of 180879959.
13, 163, 85361
List the prime factors of 48778203.
3, 29, 560669
What are the prime factors of 112974655?
5, 22594931
What are the prime factors of 62397455?
5, 89, 281, 499
List the prime factors of 403913834.
2, 201956917
What are the prime factors of 38975165?
5, 7795033
What are the prime factors of 41608?
2, 7, 743
List the prime factors of 154259536.
2, 9641221
List the prime factors of 569680257.
3, 1721, 110339
What are the prime factors of 1533357908?
2, 17, 22549381
What are the prime factors of 216583761?
3, 72194587
List the prime factors of 309913189.
309913189
What are the prime factors of 2268379018?
2, 59, 157, 122443
What are the prime factors of 605176988?
2, 13, 29, 401311
What are the prime factors of 192348652?
2, 48087163
List the prime factors of 86950317.
3, 1259, 23021
What are the prime factors of 467937427?
17, 27525731
List the prime factors of 6180649601.
7, 47, 18786169
List the prime factors of 29301006.
2, 3, 7, 697643
List the prime factors of 29288673.
3, 457, 7121
List the prime factors of 813053349.
3, 1783, 16889
What are the prime factors of 877005980?
2, 5, 3607, 12157
What are the prime factors of 90116708?
2, 11, 2048107
List the prime factors of 1111512134.
2, 311, 1786997
List the prime factors of 61533589.
13, 4733353
List the prime factors of 153336216.
2, 3, 11, 23, 25253
List the prime factors of 6265114618.
2, 7, 17, 163, 23071
List the prime factors of 93270736.
2, 13, 41, 10937
List the prime factors of 48989709.
3, 5443301
What are the prime factors of 1606502365?
5, 13, 24715421
What are the prime factors of 23514442?
2, 7, 1679603
What are the prime factors of 311941536?
2, 3, 3249391
What are the prime factors of 4784645876?
2, 1231, 971699
What are the prime factors of 212639718?
2, 3, 79, 448607
What are the prime factors of 262304460?
2, 3, 5, 11, 44159
What are the prime factors of 19559815?
5, 11, 355633
What are the prime factors of 17012858?
2, 487, 17467
What are the prime factors of 6285389?
11, 571399
What are the prime factors of 16958602?
2, 19, 446279
What are the prime factors of 2161385677?
11, 257, 764551
What are the prime factors of 49199037?
3, 17, 19, 50773
What are the prime factors of 482868296?
2, 1163, 51899
List the prime factors of 2097507102.
2, 3, 73, 251, 19079
What are the prime factors of 48806895?
3, 5, 223, 14591
What